ase 14, what is -7cd + -44?
-833
In base 7, what is 114336 - 24?
114312
In base 3, what is -11 + -12101121110?
-12101121121
In base 3, what is -211002001 + 20?
-211001211
In base 10, what is 955 + -100?
855
In base 8, what is 2763550 - 1?
2763547
In base 14, what is b1d + -55?
aa8
In base 14, what is 1a57 + -3?
1a54
In base 8, what is 4044 + 23?
4067
In base 12, what is b3 + -21b?
-128
In base 10, what is -4 + -10491?
-10495
In base 5, what is -104131 - 24?
-104210
In base 16, what is -7d6c - -1?
-7d6b
In base 14, what is -1a9 - -6a?
-13d
In base 15, what is 17b1 - 22?
178e
In base 16, what is -1589 + -5f?
-15e8
In base 12, what is -2 - 7813?
-7815
In base 6, what is -101540 - -1415?
-100121
In base 5, what is 133140 + 310?
134000
In base 2, what is -10 + 100010010000111001?
100010010000110111
In base 3, what is 110 + -10001222?
-10001112
In base 10, what is 5 - 7034?
-7029
In base 2, what is -11 + -11010101110?
-11010110001
In base 4, what is 3 + 1202321?
1202330
In base 16, what is -3f + -615c?
-619b
In base 14, what is 37b1 + -126?
3689
In base 11, what is 35234 - -14?
35248
In base 9, what is -3 + -143713?
-143716
In base 6, what is -4342023 - 1?
-4342024
In base 4, what is -11321 + 200003?
122022
In base 12, what is -52057 + 3?
-52054
In base 5, what is 102 - -11002?
11104
In base 9, what is 47706 - 4?
47702
In base 11, what is 368 - 820?
-463
In base 6, what is 113 + 115012?
115125
In base 4, what is 102211 + 20?
102231
In base 13, what is 13 + 308?
31b
In base 13, what is -172 - 4c?
-1c1
In base 14, what is 1ca764 + -3?
1ca761
In base 14, what is 1623c + 9?
16247
In base 10, what is 26574 - 18?
26556
In base 10, what is -209 - 221?
-430
In base 4, what is -32 + 10231031?
10230333
In base 4, what is 1032 + 2220?
3312
In base 8, what is -2600 + -756?
-3556
In base 8, what is 314 + 413?
727
In base 16, what is -311c + -5?
-3121
In base 8, what is -135 + 107?
-26
In base 5, what is -143412 + -24?
-143441
In base 8, what is 2 - 64272?
-64270
In base 5, what is -30 + -1411401?
-1411431
In base 11, what is -153 - 771?
-914
In base 14, what is 20aa5 - 32?
20a73
In base 8, what is -3 - 212101?
-212104
In base 3, what is 12200 + 122221?
212121
In base 4, what is 3123 - 131230?
-122101
In base 11, what is 1088440 - -2?
1088442
In base 15, what is 5 + -e1c?
-e17
In base 11, what is 2949856 - 2?
2949854
In base 3, what is -22221211011 + 1?
-22221211010
In base 4, what is -230220 + -212?
-231032
In base 8, what is -12276313 + 2?
-12276311
In base 11, what is -31 + 12128?
120a7
In base 9, what is 2 - 42063?
-42061
In base 12, what is -16 - aa7?
-b01
In base 14, what is -261 + -b6?
-337
In base 10, what is -1627 - 93?
-1720
In base 8, what is 154 - 6?
146
In base 10, what is -2266 - 6?
-2272
In base 8, what is -5 + -1072062?
-1072067
In base 12, what is b + -12ab?
-12a0
In base 12, what is -1886 + -5?
-188b
In base 14, what is -250 + a1?
-18d
In base 9, what is -1 + 4802?
4801
In base 7, what is 3432036 + 5?
3432044
In base 15, what is c + -1a39?
-1a2c
In base 16, what is -d3c1 - -2c?
-d395
In base 8, what is 2 - -6145?
6147
In base 2, what is -101 + 101111110101000011?
101111110100111110
In base 13, what is 5 - 226461?
-226459
In base 5, what is 1102 + -310441?
-304334
In base 11, what is 477 - 3a21?
-3555
In base 5, what is 1001014 - 11?
1001003
In base 10, what is 2 - -25449?
25451
In base 3, what is 2200210111 + 12?
2200210200
In base 15, what is -5 + -34b32?
-34b37
In base 6, what is 2 + -541101?
-541055
In base 16, what is 0 + 1ef2?
1ef2
In base 10, what is -115686 + 0?
-115686
In base 3, what is 201102111202 - -11?
201102111220
In base 11, what is -3a4 + -726?
-101a
In base 15, what is 15 + -3c8d?
-3c78
In base 5, what is 102331 - -122?
103003
In base 16, what is 4 - f950?
-f94c
In base 3, what is 1012120202 - -12?
1012120221
In base 13, what is b57 - -4a?
ba4
In base 16, what is 2 + -18b4?
-18b2
In base 16, what is 9f1c1 + 0?
9f1c1
In base 6, what is 51 - 2332?
-2241
In base 10, what is -11357567 - -4?
-11357563
In base 10, what is -20 - -573?
553
In base 12, what is -832 - -3a4?
-44a
In base 4, what is -11 - 332?
-1003
In base 8, what is -65 + -3041?
-3126
In base 9, what is -1 - -1574055?
1574054
In base 8, what is 115 + -717?
-602
In base 2, what is -101 - 1100100001011?
-1100100010000
In base 11, what is 7 - -34418?
34424
In base 13, what is -240 - 1?
-241
In base 5, what is 10121 + -1032?
4034
In base 9, what is 8005 - -47?
8053
In base 3, what is -122112 - 21102001?
-22001120
In base 5, what is -113442034 - -4?
-113442030
In base 14, what is -39 + -74?
-ad
In base 3, what is -100 + 102212012?
102211212
In base 12, what is -3 + -21b0b?
-21b12
In base 8, what is -267541 - 2?
-267543
In base 10, what is 1885 - -73?
1958
In base 12, what is 4 + -a2a71?
-a2a69
In base 12, what is -160 - 2b6?
-456
In base 12, what is 23 + -154?
-131
In base 10, what is -44838 + 2?
-44836
In base 4, what is 121 + 1132?
1313
In base 9, what is -386617 - -4?
-386613
In base 3, what is -12212 + -1021?
-21010
In base 9, what is 1425 + -203?
1222
In base 8, what is -3 + -65262?
-65265
In base 14, what is 2c0c + -c8?
2b24
In base 3, what is 12 - 1011102022121?
-1011102022102
In base 13, what is -5 + 41997?
41992
In base 6, what is 52332 + -221?
52111
In base 9, what is 5 - -7175?
7181
In base 8, what is 5 + 444?
451
In base 16, what is -69 + -5af?
-618
In base 2, what is -110011010 + -11100?
-110110110
In base 16, what is 192ab - 14?
19297
In base 13, what is -2 - 7305?
-7307
In base 3, what is 2101011101 - 0?
2101011101
In base 10, what is -22985 + 89?
-22896
In base 5, what is -2424211112 + 3?
-2424211104
In base 14, what is 1b41 + ab?
1c0c
In base 6, what is -5333 + -32?
-5405
In base 8, what is 11 + 13227?
13240
In base 16, what is 8f26 + -3?
8f23
In base 12, what is -1 - 6707?
-6708
In base 9, what is 24742 + 154?
25006
In base 12, what is 6066 + 95?
613b
In base 3, what is -12021012221122 + 0?
-12021012221122
In base 7, what is -3100613 + 4?
-3100606
In base 3, what is -1200112 - 200?
-1201012
In base 10, what is -29536 - 13?
-29549
In base 3, what is 10 + -12100222120?
-12100222110
In base 13, what is 230 - 119?
114
In base 12, what is -199 + -7b?
-258
In base 15, what is 19895 + 22?
198b7
In base 11, what is 204a7 - -a?
20506
In base 8, what is 265520 - -4?
265524
In base 16, what is -78a - b?
-795
In base 11, what is 4 - -70989?
70992
In base 9, what is 1247 - 2674?
-1426
In base 9, what is -1051666 - 2?
-1051668
In base 15, what is 12 - -1397?
13a9
In base 15, what is 48 + 1a1?
1e9
In base 15, what is -156 - -69?
-dc
In base 11, what is 45 - -349?
393
In base 15, what is 11 + 138?
149
In base 10, what is 2723 - -19?
2742
In base 8, what is -33106653 - 5?
-33106660
In base 12, what is 1007b + 1?
10080
In base 15, what is 1 - -1ba2?
1ba3
In base 16, what is 2a + 35?
5f
In base 5, what is -2134001 - -3?
-2133443
In base 13, what is -7585 + -2b6?
-786b
In base 12, what is 14aab4 + -a?
14aaa6
In base 8, what is -1566 - -23?
-1543
In base 8, what is 5715 + -57?
5636
In base 11, what is -1 + 131300?
1312aa
In base 9, what is -5 - -1631067?
1631062
In base 6, what is -20400 + -24121?
-44521
In base 10, what is -54 + 445?
391
In base 8, what is -11 - 443524?
-443535
In base 3, what is 1020111 + -220?
1012121
In base 2, what is 100 + 10101101111011?
10101101111111
In base 16, what is 0 + -bb28?
-bb28
In base 3, what is -121220 - 1200201?
-2022121
In base 8, what is -7 - -1073354?
1073345
In base 7, what is -6100 - -23?
-6044
In base 6, what is 131431 - 0?
131431
In base 9, what is -54 + -53110?
-53164
In base 8, what is 22226 + -4?
22222
In base 6, what is 4520220 + 22?
4520242
In base 2, what is 10100010 + -1101000100?
-1010100010
In base 8, what is -56 - 2203?
-2261
In base 8, what is -7 + -473141?
-473150
In base 12, what is -1508 - 21?
-1529
In base 4, what is 23 + 1311021302?
1311021331
In base 11, what is -256 - 9a5?
-1150
In base 6, what is 25 + -24251?
-24222
In base 4, what is -231112313 - -1?
-231112312
In base 2, what is 100010 - 10110000000001100?
-10101111111101010
In base 10, what is 22 - -3478?
3500
In base 11, what is -3 - -16431?
16429
In base 12, what is -5 - 32098?
-320a1
In base 9, what is -4 + 14340?
14335
In base 12, what is -905 + 81?
-844
